+ -3.
5
Evaluate 0 + -1 + 0 + -1.
-2
7 - -2 - (5 + 0)
4
What is -3 + 3 + 1 + 0?
1
Calculate -3 - (6 + (7 - 11)).
-5
What is the value of -7 + 13 - (1 - -7)?
-2
Evaluate 0 + 0 + (3 - 5) + -1.
-3
What is the value of 2 - (-2 + 5 - 8)?
7
Calculate -12 + 9 + 7 - (-4 + 0).
8
Evaluate -4 + -3 + (9 - 1).
1
(1 - 7) + (4 - 1)
-3
What is 0 + 4 + -1 - -2 - 3?
2
-2 + (-3 - ((-2 - 3) + 3))
-3
What is (7 - (2 + 0)) + (0 - 3)?
2
What is the value of 0 + -2 + 2 + -1 + 0?
-1
Calculate 2 - (-4 - 0) - 3.
3
What is the value of -3 + 6 + -8 - 1?
-6
Evaluate -3 + 4 - (8 - 13).
6
What is (1 - -2) + 4 + -2?
5
Evaluate -2 - 2 - (-105 - -105).
-4
Evaluate 6 + -2 + -8 + 4.
0
Calculate 189 + -188 + (1 - 1).
1
What is -5 - -1 - -3 - (-1 + 2)?
-2
Evaluate (2 - -12) + -20 + (4 - -1).
-1
What is the value of -2 - (2 - (-4 + 8 - 1))?
-1
What is (10 - (8 + -5)) + -17?
-10
Evaluate 1 - ((13 - 3) + -12).
3
Calculate (-5 - (3 - (14 + 0))) + -2.
4
Calculate 2 + -5 + -19 - -13.
-9
What is the value of -6 + (20 + 1 - 10)?
5
(-1 - (-4 - -1)) + 0
2
Calculate -8 + 2 + 1 - (-27 - -25).
-3
What is the value of -2 + (-8 - (-6 - -1))?
-5
Evaluate (10 - 2) + 1 + 7 + -16.
0
What is 1 - (5 + -23 + 8)?
11
Calculate 7 - (-3 - 0) - (9 - 4).
5
What is -12 + 5 - (-1 + -1)?
-5
Calculate 2 + (4 - 7) - 2.
-3
Calculate (1 - (4 + -3)) + 2 - -3.
5
What is -6 - ((4 - 1) + (-30 - -28))?
-7
What is the value of -3 - -11 - (21 + -14)?
1
What is 3 - ((-3 - -4) + 5)?
-3
What is the value of (7 - -1) + -4 + (-1 - 1)?
2
What is -42 + 40 - (-4 - 0)?
2
What is (2 + -8 - (-9 + -2)) + -1?
4
What is the value of 2 - 7 - (-10 - -6 - 5)?
4
Calculate 8 + (-2 + -17 - -8).
-3
Evaluate 0 + 2 + 4 - 6.
0
Evaluate -3 + 0 + 0 + -1.
-4
Calculate -3 + (-6 - -9) + -5.
-5
(4 - 8 - -2) + 6
4
-8 + 14 + -8 + (-1 - -1)
-2
Calculate -5 + 0 - (28 + -38).
5
What is 4 - (0 + -2 - 2)?
8
What is the value of 40 + -52 + 1 + 5?
-6
Calculate -12 + (27 - 4) - (4 - -1).
6
Calculate (10 - (-1 + 7)) + (-4 - 1).
-1
Evaluate -2 + -5 + (8 - (9 + -4)).
-4
What is the value of 2 + (-4 + -1 - 7 - -4)?
-6
Calculate (-8 - (-1 - 0)) + 3.
-4
Calculate 11 + (-2 + 0 - (-26 - -26)).
9
What is the value of (5 - (-3 - -15) - -4) + -2?
-5
Evaluate (-4 - (-2 + -7) - 0) + -1.
4
What is (-10 - (-9 - -5)) + 9?
3
Evaluate (1 - (5 + -4)) + -4 - -7.
3
What is the value of -3 - (-16 + 3 + 2 - -3)?
5
Calculate (1 - (2 + (0 - 3))) + -5.
-3
3 + -1 - 0 - 1
1
What is the value of 3 + (-13 - -5) + (-4 - -5)?
-4
Evaluate 2 - ((-3 - (3 + -9)) + -3).
2
Calculate (-3 - -4 - 0) + -2.
-1
What is 36 - 30 - (-1 - -5)?
2
(-16 - -10) + 8 + -10
-8
What is -4 + -2 + 14 + -4?
4
Calculate 2 - (-13 - (6 + -10)).
11
4 + (-1 - 4) - (12 - 8)
-5
What is (-17 - -13) + 0 + 4?
0
What is 4 + -3 + -1 + -4?
-4
What is the value of 1 + 0 + -4 + 13 + -6?
4
-44 + 46 + (3 - 1)
4
What is -10 - -11 - (0 + 3 + -1)?
-1
Calculate (-1 - -4 - -2) + 2 - 1.
6
9 + -7 + (-3 - -2 - 2)
-1
Evaluate 3 + (4 + -3 + 1 - 1).
4
Calculate -5 - (0 + (4 - 5) - 4).
0
Evaluate -1 + (1 - -4) + 0.
4
What is the value of -1 + 8 + -1 + (19 - 23)?
2
Calculate 3 - (5 + -1 + 5).
-6
What is 4 - ((5 + -6 - -4) + -6)?
7
Evaluate -1 - -8 - (4 + -2).
5
2 + -4 + (1 + 1 - 3)
-3
3 + 0 - 10 - (-18 - -17)
-6
Calculate (4 - (2 + -2)) + -6 + 2.
0
Evaluate 7 - (13 + -7 - (-4 + 9)).
6
-3 - 0 - (-12 + 4)
5
Calculate (-3 - -1) + (-7 - (-2 - 4)).
-3
Calculate 3 + -5 + (2 - (-4 - -2)).
2
Evaluate -1 + 2 + (-4 - (1 + -5)).
1
Evaluate 3 + -6 - 1 - (7 + -9).
-2
What is -8 + 3 + (-6 - -11)?
0
Calculate 1 + 1 - (35 - 37).
4
7 + (7 - 8 - 11)
-5
Evaluate (-2 + 3 - (1 - 1)) + 2.
3
Evaluate (5 - 1) + -6 + 7.
5
What is the value of -5 + 6 + 5 + -2?
4
-10 - (1 - 5) - -8
2
What is -13 - (2 - -9 - 30)?
6
-2 + 5 + -9 - 0
-6
Calculate 6 + 1 + (2 - 8 - -2).
3
Evaluate 5 + 3 + -3 + -3.
2
Evaluate -8 + 7 + (0 - 4).
-5
Evaluate 8 - (10 - 8) - 11.
-5
Evaluate (-13 - -15) + (-2 - -3).
3
What is 2 - (2 + (1 - -4))?
-5
10 - (5 + 13) - -8
0
What is the value of 5 + 4 + (-9 - (-1 + 0))?
1
(12 + -11 - (1 + 2)) + 5
3
Evaluate 4 + -12 + 5 + 5.
2
Evaluate -3 + 9 + -3 - 7.
-4
What is -9 - -10 - (-4 + (-7 - -5))?
7
What is the value of (1 - (-7 + 4 + 2)) + -9?
-7
(0 - (3 + -6)) + -5 - 2
-4
Evaluate -121 + 111 + (0 - -7).
-3
Evaluate 7 + (-2 - -1) + (-7 - -4).
3
-3 + (6 - (-3 - 0))
6
What is the value of -6 + (-1 - (-3 + 0))?
-4
Calculate 2 + -2 + -1 - (12 - 10).
-3
Evaluate 7 + (-7 - -14 - 18).
-4
Evaluate -36 - -31 - (-6 + -1).
2
What is -4 - (-4 + 6 + -6)?
0
What is the value of -2 + 1 - -2 - (-7 - -5)?
3
-22 + 18 - (-2 - (2 - -2))
2
(0 - (-4 - 0)) + 1
5
Evaluate 4 + (3 - 4) + -6.
-3
2 + (5 - 7) + -5 + 11
6
Calculate 8 + 12 + -33 - -18.
5
2 - ((1 - -2) + (-5 - 1))
5
-7 + (-1 - -4) - -2
-2
10 + 1 - (-55 - -67)
-1
What is -5 - ((0 + 9 - 5) + -16)?
7
What is 5 + (8 - (-5 + 18))?
0
What is -5 - (1 + (1 - 2) + -3)?
-2
6 + -1 + -1 + 6
10
Evaluate 2 + (-21 - -21 - (2 + 1)).
-1
What is the value of 4 + (4 - 8) + -1 - -4?
3
What is the value of 6 + 0 + -4 + 2?
4
Calculate -1 - (-1 - 2 - 1).
3
What is -1 + 3 + (10 - 9)?
3
0 - (1 - (-4 + 9)) - 6
-2
Calculate 0 - (2 + 0 - (22 - 27)).
-7
Evaluate (-1 - -8 - 8) + -5 + 2.
-4
Calculate -1 + 4 - (-4 + 3 + -1).
5
Evaluate -13 + 8 + (1 + -3 - -1).
-6
What is the value of 6 + -8 + -5 - -7?
0
What is 4 + -3 + -4 + 3 + 5?
5
What is 0 - 0 - (0 - (5 + -2))?
3
Evaluate -3 + 3 + 1 + -5 + -1.
-5
Calculate -48 - -47 - (-1 + 2).
-2
4 + (1 - 0 - 1) + 1
5
-5 - (-5 + 3 + -2) - 3
-4
Calculate -9 - -1 - (3 - (0 - -1)).
-10
What is -2 - (1 - (-5 - -9))?
1
2 + (-1 - (-2 + 0))
3
What is the value of 6 - 9 - -8 - (-3 + 10)?
-2
What is -4 - (2 - (0 + 3))?
-3
Evaluate 4 - (-4 + (-1 - 1) + 11).
-1
What is 1 - (2 - (-5 + 2))?
-4
Evaluate 5 + -7 + (7 - (7 + -4)).
2
Calculate 2 - (-4 - (-6 - (-2 - -2))).
0
What is (27 - 29 - (-2 + 0)) + -6?
-6
What is -1 - (3 - (-7 - -8 - 4))?
-7
Calculate 5 - (7 + 0 + 3).
-5
0 + 0 + -9 + 3 - -1
-5
What is the value of (2 + -3 + 4 - 0) + -3?
0
What is (-1 - 9) + (-14 - (2 + -19))?
-7
Evaluate 1 + 3 - (0 + -4 + 1).
7
What is -1 + (-6 - -4) + (3 - -4)?
4
What is -1 + 1 - (-8 + -1 - -8)?
1
Evaluate 1 + 2 - 5 - (-3 - 1).
2
Calculate -5 + (6 - (-7 + 9)).
-1
0 + -2 + 0 + (4 - 1)
1
5 + (1 - (1 + 0 + 0))
5
(4 - 6) + (5 - -1)
4
What is (68 - 74) + (5 - (0 + 0))?
-1
What is 0 + 3 - 3 - 1?
-1
Calculate (2 - (-4 - -8)) + -2.
-4
What is (2 - 0) + 0 + -1 + 0?
1
Calculate -5 + -2 + (1 - -2).
-4
10 + (3 - (-1 + 22))
-8
What is 6 + -5 + -1 + -2?
-2
What is -3 + (-1 - (7 - 18)) + -11?
-4
What is 5 - (-43 + 52 + (-8 - 0))?
4
-3 + (-5 + 4 - -4)
0
Calculate 1 + 1 + -5 + -2.
-5
What is 1 + 8 - (-4 + 5 + 4)?
4
1 - 8 - -1 - (-94 + 95)
-7
(-14 - -9) + -1 + 8 + -7
-5
(-9 + 1 - -13) + -6 + 4
3
3 + (2 - -5 - (9 + -6))
7
What is the value of 12 + -11 + 3 + -1?
3
-5 - (-8 + -4) - 5
2
Evaluate -5 - (2 - (3 + 0)).
-4
8 + -2 + 3 + (-8 - -4)
5
What is the value of 10 + -12 + (5 - -2)?
5
What is 5 - (0 + (-2 - (-1 + -2)))?
4
Evaluate (4 - (6 - -3)) + 3 + -3.
-5
Calculate -9 + (-2 - (-3 + 0)) - -1.
-7
Evaluate -6 + 0 - -9 - 5.
-2
What is -2 - (-4 - (0 - 0))?
2
Calculate -11 + 6 + -2 + 12.
5
What is 1 + 1 - (-8 - -7)?
3
8 + -12 - (-3 + 5 + -3)
-3
What is -4 + (2 + 5 - 2) + -5?
-4
Evaluate 7 + 0 - (35 + -23).
-5
Calculate 0 - (0 - 7) - 5.
2
What is 2 - ((1 - -6) + -7)?
2
What is -2 + 3 + 0 + (4 - 2)?
3
What is (8 - 1) + -15 + (7 - -3)?
2
Evaluate 15 + -12 - -2 - 0.
5
-8 + 5 + 1 + (4 - 5)
-3
What is -2 + 2 + (8 - 7)?
1
1 - 2 - (-11 - -7)
3
What is the value of 13 + 18 + -34 - (-7 - -1)?
3
What is the value of -1 - -4 - (2 - (2 - -2))?
5
(-2 - -7) + -8 - -5
2
What is the value of (-2 - 2 - 0) + 8?
4
Calculate -2 + (4 + -7 - -2).
-3
Evaluate 10 + (-7 - 1) + -3.
-1
What is -3 - (7 - (7 + (-1 - 3)))?
-7
What is the value of 4 + (16 - 11 - 15)?
-6
0 + -4 - (-71 + 62)
5
What is (0 - -5) + -3 + -5 - -2?
-1
-1 - (-2 - (-6 - 0))
-5
Calculate 1 - ((5 - (-2 - -4)) + -3).
1
What is the value of -1 - (2 + (-3 - 5)) - 0?
5
What is the value of (-4 + 7 - 5) + 5 + -6?
-3
Calculate 1 - (-2 + -8 - -12).
-1
What is the value of 1 + (18 - 21) + (9 - 1)?
6
What is the value of 4 + 1 + (3 - 7) - -6?
7
-4 - (-1 + -3 + 0)
0
Calculate -1 + 5 + 0 + -6.
-2
What is the value of -1 + (1 - 6 - -1)?
-5
-4 + -4 + 8 + -5 + 5
0
What is 1 + -2 - (1 + (-5 - -7))?
-4
Evaluate -2 - (2 + -3 - -3).
-4
-1 + (-4 - 0